0183?
True
Is 30601700 a multiple of 20?
True
Is 626 a factor of 948044448?
True
Is 247 a factor of 273676?
True
Is 464024979 a multiple of 51?
True
Is 27257069 a multiple of 6?
False
Is 51 a factor of 64018515?
True
Is 146076464 a multiple of 496?
True
Does 8 divide 3393830?
False
Is 1576086877 a multiple of 197?
True
Does 10 divide 28628058?
False
Does 4 divide 2493167?
False
Is 103696202 a multiple of 11?
False
Is 53 a factor of 4400491?
False
Does 4 divide 22306117?
False
Is 482325519 a multiple of 6?
False
Is 891 a factor of 56744226?
True
Is 15 a factor of 282007785?
True
Does 7 divide 11360839?
True
Is 66990033 a multiple of 979?
True
Does 5658 divide 168518641?
False
Is 1756 a factor of 12661542?
False
Is 594 a factor of 183027563?
False
Does 203 divide 4638347?
True
Does 10 divide 479418903?
False
Is 2241994872 a multiple of 2886?
True
Is 16 a factor of 140328209?
False
Does 486 divide 92069784?
True
Is 73397412 a multiple of 114?
False
Does 138 divide 332768?
False
Does 3 divide 266985840?
True
Does 93 divide 41792915?
False
Is 477840324 a multiple of 93?
True
Is 27319173 a multiple of 21?
True
Does 1130 divide 29003890?
False
Is 17087747 a multiple of 340?
False
Does 68 divide 396433540?
True
Is 1824328716 a multiple of 11508?
True
Does 36 divide 80184464?
False
Does 14 divide 800688180?
False
Is 4 a factor of 3405172?
True
Is 30 a factor of 101159100?
True
Does 89 divide 892108499?
True
Is 141 a factor of 10831338?
True
Does 47 divide 7074017?
True
Is 46 a factor of 1113043?
False
Does 3099 divide 1463764206?
False
Is 391 a factor of 171695138?
True
Is 96 a factor of 4333536?
True
Does 2152 divide 117255144?
False
Is 163971965 a multiple of 268?
False
Is 29641300 a multiple of 65?
True
Does 14 divide 7010296?
False
Is 483609600 a multiple of 18?
True
Is 99 a factor of 42149762?
False
Is 54 a factor of 4073418706?
False
Is 88 a factor of 92908840?
False
Does 62 divide 233791211?
False
Is 10 a factor of 111452843?
False
Is 422070728 a multiple of 8?
True
Is 108804344 a multiple of 44?
True
Is 15 a factor of 897512891?
False
Does 112 divide 545056323?
False
Is 25 a factor of 1428652050?
True
Is 159 a factor of 1158580521?
False
Is 31 a factor of 4133078?
False
Is 160917839 a multiple of 59?
True
Does 18 divide 84290184?
True
Is 256 a factor of 24273152?
True
Is 1092307290 a multiple of 578?
True
Is 283 a factor of 180537899?
False
Is 462672303 a multiple of 87?
False
Does 28 divide 3206415707?
False
Does 149 divide 43056684?
False
Is 48 a factor of 218829024?
True
Is 1649 a factor of 108842245?
True
Does 430 divide 2990944120?
True
Does 5827 divide 1491974215?
True
Is 22017750 a multiple of 250?
True
Does 20 divide 239509237?
False
Is 293332774 a multiple of 122?
True
Is 189 a factor of 901256017?
False
Is 619 a factor of 37982008?
False
Is 101688556 a multiple of 1643?
True
Does 31 divide 40492014?
True
Is 19274096 a multiple of 25?
False
Is 88 a factor of 803059752?
True
Is 103950664 a multiple of 301?
False
Is 1442806176 a multiple of 9632?
True
Is 73602999 a multiple of 5463?
True
Does 2641 divide 88048299?
True
Does 56 divide 102861472?
True
Is 6556025478 a multiple of 7992?
False
Is 650503900 a multiple of 25?
True
Is 273232277 a multiple of 468?
False
Is 47057230 a multiple of 183?
False
Is 620 a factor of 59991687?
False
Does 6 divide 50732430?
True
Is 84 a factor of 77988456?
True
Is 2588682 a multiple of 61?
False
Is 9 a factor of 73017697?
False
Does 97 divide 1113938203?
True
Does 41 divide 8167830?
False
Is 10 a factor of 8902501?
False
Is 4828 a factor of 2264074653?
False
Is 61 a factor of 31476245?
False
Is 16 a factor of 12245120?
True
Is 122024152 a multiple of 1814?
True
Is 24 a factor of 974570?
False
Is 971964703 a multiple of 962?
False
Does 818 divide 27504178?
False
Is 30272985 a multiple of 19?
True
Does 1594 divide 66838823?
False
Does 120 divide 5352880?
False
Does 199 divide 3497624?
True
Is 4853 a factor of 34004971?
True
Is 68028395 a multiple of 2098?
False
Is 635 a factor of 318328377?
False
Is 3 a factor of 16457639?
False
Does 3 divide 20078186?
False
Is 3552222 a multiple of 6?
True
Is 136 a factor of 35221212?
False
Does 412 divide 262590860?
False
Does 65 divide 1349010?
True
Does 99 divide 4439259?
True
Is 75 a factor of 22480477?
False
Is 56109444 a multiple of 12?
True
Does 62 divide 423747173?
False
Is 546 a factor of 294417508?
False
Is 197 a factor of 657619973?
False
Is 8 a factor of 856280?
True
Does 478 divide 1284694788?
True
Is 35 a factor of 3910985?
False
Is 186187461 a multiple of 3301?
False
Is 73 a factor of 59637120?
False
Does 2956 divide 132308992?
False
Is 2792054580 a multiple of 4285?
True
Is 164253216 a multiple of 2878?
True
Does 1697 divide 62977367?
True
Is 298 a factor of 11509654?
True
Does 1050 divide 206030151?
False
Is 184620525 a multiple of 29?
True
Is 1089408718 a multiple of 14?
False
Does 8 divide 192784944?
True
Is 1895072556 a multiple of 24?
False
Is 110 a factor of 1001311266?
False
Does 23 divide 45954926?
False
Does 55 divide 86898344?
False
Is 5185 a factor of 57122831?
False
Does 91 divide 125423352?
False
Is 1751 a factor of 31556522?
True
Is 10 a factor of 112970285?
False
Does 1743 divide 1697541100?
False
Is 47462910 a multiple of 1052?
False
Does 7 divide 182063672?
True
Is 42 a factor of 58762589?
False
Is 1363162877 a multiple of 14?
False
Does 330 divide 50313120?
True
Is 235 a factor of 806120970?
True
Is 1949401 a multiple of 8?
False
Does 23 divide 43147029?
False
Is 530665790 a multiple of 859?
False
Is 123 a factor of 27177096?
True
Is 39420213 a multiple of 427?
True
Is 30027864 a multiple of 559?
False
Is 943287118 a multiple of 677?
True
Is 5725239799 a multiple of 14?
False
Is 4713 a factor of 236612526?
False
Is 182 a factor of 27763923?
False
Is 14 a factor of 319442370?
False
Is 7 a factor of 213051713?
True
Is 184691431 a multiple of 3334?
False
Is 3284 a factor of 58005292?
True
Does 6 divide 34530640?
False
Is 2644051770 a multiple of 10?
True
Is 499 a factor of 70473271?
True
Does 17 divide 28726032?
False
Is 2 a factor of 285214920?
True
Is 3739477 a multiple of 149?
False
Is 37389019 a multiple of 15?
False
Is 68 a factor of 32685323?
False
Does 40 divide 152187174?
False
Is 12 a factor of 560931828?
True
Does 120 divide 108916440?
True
Does 40 divide 285136040?
True
Is 212 a factor of 2640840799?
False
Is 50 a factor of 3306032991?
False
Does 10 divide 4462473600?
True
Is 72 a factor of 42924975?
False
Is 147641537 a multiple of 91?
False
Is 14065 a factor of 6090174684?
False
Is 44 a factor of 244757392?
True
Does 62 divide 215854345?
False
Is 5 a factor of 5652960?
True
Is 3603283133 a multiple of 23?
False
Does 820 divide 61720244?
False
Does 330 divide 2593147?
False
Does 68 divide 1219323980?
True
Does 265 divide 285550825?
False
Does 95 divide 623060255?
True
Is 119 a factor of 8208323?
False
Is 172911845 a multiple of 286?
False
Is 51171147 a multiple of 54?
False
Does 25 divide 26700015?
False
Is 581434400 a multiple of 3272?
True
Is 26510946 a multiple of 215?
False
Is 555284293 a multiple of 56?
False
Is 992 a factor of 1056855381?
False
Does 3 divide 45298339?
False
Is 196138296 a multiple of 9?
True
Is 7244582 a multiple of 5651?
True
Is 265858095 a multiple of 709?
False
Is 49 a factor of 231032697?
True
Is 252227906 a multiple of 203?
True
Does 131 divide 1595924530?
True
Is 62693773 a multiple of 29?
False
Is 383160008 a multiple of 5236?
True
Is 48165789 a multiple of 10?
False
Is 306 a factor of 552068092?
False
Is 1006345095 a multiple of 10661?
True
Is 23 a factor of 1127397786?
False
Is 179138161 a multiple of 45?
False
Is 16 a factor of 218362920?
False
Is 226806784 a multiple of 4?
True
Is 32 a factor of 14378560?
True
Does 361 divide 222539393?
False
Is 92 a factor of 54651881?
False
Is 29377656 a multiple of 252?
True
Is 6280446 a multiple of 51?
True
Is 312 a factor of 341491766?
False
Is 715006984 a multiple of 349?
False
Does 3545 divide 232128660?
False
Does 354 divide 394514946?
True
Is 1456931270 a multiple of 485?
True
Is 27237544 a multiple of 8?
True
Does 17 divide 674874?
False
Does 61 divide 69701069?
False
Is 2119 a factor of 502761412?
False
Is 196506010 a multiple of 6?
False
Does 26 di